071 a composite number?
False
Is 51601 a composite number?
True
Is 8663 a composite number?
False
Is 436319 prime?
False
Is 120707 a composite number?
True
Is 4172965 composite?
True
Is 814021 a composite number?
True
Is 193937 prime?
True
Is 50387 prime?
True
Is 42271 a prime number?
False
Is 51586 a composite number?
True
Is 259289 a prime number?
False
Is 204362 a composite number?
True
Is 11465 a prime number?
False
Is 12677 composite?
True
Is 11157 prime?
False
Is 10393 a prime number?
False
Is 907 prime?
True
Is 6623141 prime?
False
Is 576193 a composite number?
False
Is 265137 prime?
False
Is 1111 prime?
False
Is 34223 a composite number?
True
Is 449615 composite?
True
Is 191 prime?
True
Is 5197 composite?
False
Is 13649 prime?
True
Is 5701 prime?
True
Is 152717 prime?
True
Is 79031 prime?
True
Is 7331 a composite number?
False
Is 33513 composite?
True
Is 1428019 prime?
False
Is 221281 composite?
False
Is 76079 composite?
False
Is 7283 prime?
True
Is 11233 a composite number?
True
Is 19051 prime?
True
Is 5603 composite?
True
Is 55201 composite?
False
Is 26083 a composite number?
False
Is 26017 prime?
True
Is 8573 prime?
True
Is 275881 a prime number?
True
Is 29663 a prime number?
True
Is 14709 a composite number?
True
Is 1291603 a prime number?
True
Is 40871 a prime number?
False
Is 3353 a prime number?
False
Is 4327 a composite number?
False
Is 19587 a prime number?
False
Is 3351 prime?
False
Is 17257 composite?
False
Is 19315 composite?
True
Is 17337 composite?
True
Is 5213 prime?
False
Is 33223 prime?
True
Is 3571 prime?
True
Is 6499 a prime number?
False
Is 3433 a prime number?
True
Is 164471 a prime number?
True
Is 2459 prime?
True
Is 52265 a composite number?
True
Is 35471 a prime number?
False
Is 2823 prime?
False
Is 4009 a composite number?
True
Is 19417 prime?
True
Is 70079 prime?
True
Is 16221 a prime number?
False
Is 324418 a composite number?
True
Is 3588179 prime?
False
Is 21419 prime?
True
Is 36037 a prime number?
True
Is 41719 prime?
True
Is 67823 a composite number?
True
Is 13043 prime?
True
Is 29506 composite?
True
Is 1561 a composite number?
True
Is 877 prime?
True
Is 14479 a prime number?
True
Is 30271 a prime number?
True
Is 12229 a composite number?
True
Is 55529 a prime number?
True
Is 32659 a composite number?
True
Is 21683 a prime number?
True
Is 28333 composite?
True
Is 7978 a prime number?
False
Is 166099 prime?
True
Is 92623 prime?
True
Is 5779 composite?
False
Is 1801 a prime number?
True
Is 958 composite?
True
Is 242981 prime?
False
Is 47189 a prime number?
True
Is 233627 a prime number?
False
Is 10651 a composite number?
False
Is 5737 a composite number?
False
Is 261803 composite?
True
Is 858623 a prime number?
True
Is 20323 a prime number?
True
Is 72829 composite?
True
Is 63029 composite?
False
Is 1400918 prime?
False
Is 270097 prime?
True
Is 5167 a prime number?
True
Is 195527 a composite number?
False
Is 40871 composite?
True
Is 171499 a composite number?
True
Is 13061 composite?
True
Is 16843 a prime number?
True
Is 51466 a prime number?
False
Is 117953 prime?
False
Is 1103 prime?
True
Is 5435 a prime number?
False
Is 184409 a composite number?
False
Is 113647 prime?
True
Is 20627 composite?
False
Is 863 composite?
False
Is 479 composite?
False
Is 651943 a composite number?
False
Is 992723 a composite number?
False
Is 41119 composite?
True
Is 4303 a prime number?
False
Is 5293 prime?
False
Is 215315 composite?
True
Is 18455 a prime number?
False
Is 28091 composite?
True
Is 953 composite?
False
Is 1363 a prime number?
False
Is 23939 a composite number?
True
Is 51601 a composite number?
True
Is 50761 a composite number?
True
Is 29977 a prime number?
False
Is 93741 a composite number?
True
Is 5519 prime?
True
Is 33311 composite?
False
Is 581089 a prime number?
True
Is 19715 a prime number?
False
Is 22009 a composite number?
True
Is 794 composite?
True
Is 55565 a composite number?
True
Is 36149 a prime number?
False
Is 3251 a composite number?
False
Is 862487 a composite number?
False
Is 6805 a composite number?
True
Is 178681 prime?
True
Is 1322887 a prime number?
True
Is 1509817 prime?
False
Is 30106 prime?
False
Is 74123 a composite number?
True
Is 119587 a composite number?
True
Is 400993 prime?
False
Is 1891 prime?
False
Is 1523 prime?
True
Is 44857 a prime number?
False
Is 52103 composite?
False
Is 2161 a prime number?
True
Is 61331 a composite number?
False
Is 6499 composite?
True
Is 27049 composite?
True
Is 3907 prime?
True
Is 163619 a prime number?
False
Is 796813 prime?
True
Is 5089 a prime number?
False
Is 11581 prime?
False
Is 1485395 a composite number?
True
Is 174205 a composite number?
True
Is 74 a prime number?
False
Is 1654195 prime?
False
Is 10223 composite?
False
Is 784999 a prime number?
False
Is 16459 composite?
True
Is 4939 composite?
True
Is 66029 a prime number?
True
Is 55201 composite?
False
Is 22343 a composite number?
False
Is 691 prime?
True
Is 5121785 a composite number?
True
Is 94157 prime?
False
Is 1788083 a composite number?
True
Is 329941 a composite number?
False
Is 1576999 a prime number?
False
Is 188393 a prime number?
False
Is 313093 prime?
False
Is 1672217 composite?
True
Is 22391 a prime number?
True
Is 429239 a prime number?
False
Is 41357 composite?
False
Is 7857997 composite?
True
Is 9613 a composite number?
False
Is 423443 composite?
True
Is 3241 prime?
False
Is 787 composite?
False
Is 117797 a composite number?
False
Is 5755 a composite number?
True
Is 14395 prime?
False
Is 78305 a composite number?
True
Is 818 a prime number?
False
Is 10135 a composite number?
True
Is 161969 prime?
True
Is 5029 a prime number?
False
Is 276359 composite?
False
Is 316385 a prime number?
False
Is 88697 composite?
True
Is 74023 composite?
True
Is 50261 a composite number?
False
Is 1087 a prime number?
True
Is 46385 prime?
False
Is 604003 a composite number?
True
Is 440347 prime?
True
Is 102649 composite?
True
Is 93047 composite?
False
Is 241697 composite?
True
Is 12097 prime?
True
Is 33131 a prime number?
False
Is 16729 composite?
False
Is 304649 prime?
False
Is 15121 prime?
True
Is 958 a composite number?
True
Is 1599571 prime?
True
Is 6658 a prime number?
False
Is 1242739 prime?
True
Is 792613 a composite number?
False
Is 198853 a composite number?
True
Is 609965 composite?
True
Is 263 a prime number?
True
Is 3643 prime?
True
Is 277957 a prime number?
False
Is 67307 composite?
False
Is 20063 a prime number?
True
Is 7277 a prime number?
False
Is 1341593 prime?
False
Is 388358 a composite number?
True
Is 282407 prime?
True
Is 4271 prime?
True
Is 36151 a prime number?
True
Is 4421 a prime number?
True
Is 530853 composite?
True
Is 44845 a prime number?
False
Is 220501 composite?
True
Is 28639 a composite number?
True
Is 201281 a composite number?
False
Is 167135 a prime number?
False
Is 4197 composite?
True
Is 12149 a composite number?
False
Is 21559 a composite number?
False
Is 10289 prime?
True
Is 7379 prime?
False
Is 126913 a prime number?
True
Is 1571 a composite number?
False
Is 443843 composite?
True
Is 20201 composite?
False
Is 1365907 a prime number?
True
Is 835007 a composite number?
True
Is 2142341 a composite number?
False
Is 422479 prime?
True
Is 9277 prime?
True
Is 761113 a prime number?
True
Is 462743 composite?
True
Is 66863 prime?
True
Is 110777 prime?
True
Is 6247 composite?
False
Is 236323 composite?
False
Is 31523 a prime number?
False
Is 622645 prime?
False
Is 2359 composite?
True
Is 215557 a composite number?
True
Is 1826911 prime?
False
Is 1509461 a prime number?
False
Is 62659 prime?
True
Is 89191 a prime number?
False
Is 24611 composite?
False
Is 1199329 composite?
False
Is 70423 a composite number?
False
Is 103333 a prime number?
True
Is 91007 a composite number?
True
Is 15703 prime?
False
Is 3463481 a composite number?
True
Is 1259 a composite number?
False
Is 17231 a prime number?
True
Is 79909 prime?
False
Is 16667 a prime number?
False
Is 48731 a composite number?
False
Is 462997 composite?
True
Is 31411 a composite number?
True
Is 64373 a composite number?
False
Is 33419 a prime number?
False
Is 9733 prime?
True
Is 32649 composite?
True
Is 206341 composite?
False
Is 21553 a composite number?
True
Is 397 prime?
True
Is 128813 prime?
True
Is 346793 comp